 - 19. Let j be c(4). Let x = j + 3132. Is x composite?
False
Let j(y) = 139*y + 21. Let t(k) = -46*k - 7. Let b(w) = 4*j(w) + 11*t(w). Let g = -1 - -4. Is b(g) composite?
False
Is (-132)/(-18) - 8 - 7487795/(-21) a composite number?
False
Let d = 216553 + -127988. Is d a composite number?
True
Let h(u) = -4005*u**3 + 8*u**2 + 12*u + 12. Is h(-5) a prime number?
True
Suppose 28*m + 32*m = 3989037 + 2237103. Is m a composite number?
False
Let o = 2547 + -3593. Let d = o - -2137. Is d prime?
True
Let d be ((-10)/(-4))/(41/82). Let w(z) = 132*z - 1. Is w(d) a composite number?
False
Let i be -3*2/(-12) - 387225/50. Let p = i + 21773. Is p composite?
False
Suppose -3*s + 59550 = 3*x, -159*s - 19847 = -x - 157*s. Is x prime?
False
Suppose -3*x = u + 3084 + 3553, -u = 5*x + 11061. Let l = x + 5597. Is l a prime number?
False
Let g(c) = 35*c**2 + 2*c + 10. Suppose -4*l + 63 = 3*l. Suppose 35 = -14*b + l*b. Is g(b) prime?
False
Let w(k) = -k**3 + 168*k**2 - 367*k + 335. Is w(140) a prime number?
False
Let n(i) = 31813*i**2 + 276*i - 9. Is n(-2) a prime number?
True
Let q(j) = -5*j - 35. Let k be q(-9). Let v(d) = 12 + 8*d**3 - 5*d - k + d**2 - 1. Is v(6) a prime number?
False
Let k(t) = -t**2 - 21*t + 18. Let c be k(-21). Is -3909*((-24)/c - -1) a prime number?
True
Let x(a) = -a**3 - 6*a**2 + 18*a - 2. Let c(d) = -d**2. Let h(v) = 3*c(v) - x(v). Let o be h(-6). Is 0*o/(-8) - -1735 prime?
False
Suppose j - 3*i - 102607 = 0, -2*j + i - 61223 = -266477. Is j a prime number?
False
Let x(w) = 39 - 3*w + 8 + 5*w + 551*w**2 - 550*w**2. Is x(-25) a composite number?
True
Suppose 8*w - 10*w = -4. Is (-55452)/(-32) + w/16 composite?
False
Suppose 52031938 = 33*x - 48018221. Is x composite?
False
Suppose 114*m + 64*m + 13*m = 84265571. Is m composite?
True
Let m = 3132 + -6505. Let x = 6054 - m. Is x composite?
True
Let j = 56 + -53. Suppose -b + 2*o = -3*b + 122, 3*o + j = 0. Suppose g = -13 + b. Is g prime?
False
Suppose -5*d + q + 33 = 0, -4 = 3*q + 5. Suppose 4*c - 3*w = 40154, d*c - w - 30113 = 3*c. Is c prime?
True
Let i be (-4 + 5 + -2)/1. Let l be (-15)/(-20) + i - (-6922)/8. Is (6 - -5)/(5/l) a prime number?
False
Let o = 197 + -188. Suppose -3978 = -y + s, 8 = -11*s + o*s. Is y prime?
False
Is (-223233 - -5)/(27/9 + -5) composite?
True
Let s(x) = -50*x**3 - 7*x**2 + 12*x + 34. Let t(f) = -51*f**3 - 8*f**2 + 15*f + 33. Let h(j) = -6*s(j) + 5*t(j). Is h(4) a prime number?
False
Let g(t) be the second derivative of -22*t**3/3 + 157*t**2/2 - 210*t. Is g(-21) a composite number?
True
Suppose -80*j = -76*j - 70788. Suppose j = 6*a - 5289. Is a a prime number?
False
Let s(w) = 163*w**2 - 217*w + 13. Is s(-23) a prime number?
False
Suppose -5*y + 2*n + 3803 = 0, 0*y - y - 5*n + 739 = 0. Let d = 2290 - y. Is d a composite number?
False
Let u(b) = b**3 + 5*b**2 + b + 11. Let g be u(-5). Suppose -2 = g*s - 14. Suppose s*c - 883 = 585. Is c a composite number?
True
Let a(d) = d**3 - 10*d**2 + 13*d - 3. Let o be a(9). Let s(c) = -c**3 + 21*c**2 - 14*c - 28. Let v be s(19). Suppose -5*m - o = -v. Is m a composite number?
False
Let u be -5*(1 + 2)*55608/(-30). Let j = u - 13903. Is j composite?
False
Let y(o) = -o**2 + 20. Let m(i) = -1. Let c(l) = 5*m(l) + y(l). Let s be c(14). Let v = 626 + s. Is v prime?
False
Let y = -5389 - -13374. Is y a prime number?
False
Let y = 67880 - -41051. Is y a prime number?
False
Is 2/3 - 602/(-84)*4994 a prime number?
False
Let z(l) = -840*l**3 + 87*l**2 + 657*l - 17. Is z(-7) a prime number?
False
Is ((-2)/(-2))/3 + -1212*128/(-72) composite?
True
Suppose i - 4*x = 51, 4*i + 2*x - 245 + 5 = 0. Suppose 159181 = i*y - 30*y. Is y a composite number?
True
Let x(z) = -4*z + 7. Suppose -4*f - 5 + 1 = 0, -5*f + 1 = 3*s. Let y be x(s). Is -2*y/(-2) + 275 composite?
True
Is (1858797/(-153))/(-1 + 0) a composite number?
False
Let u = 145 - 65. Is 3386*(u/(-48) - (-26)/12) prime?
True
Let m(l) = -l**3 - 9*l**2 + 36*l. Let u be m(-12). Suppose u = 4*i - 33946 - 25362. Is i composite?
False
Is 6/9*(-3462)/4*10/(-2) prime?
False
Let w = 370621 + -164748. Is w a prime number?
False
Let s = -499 + 502. Is (4 - 3)/((-1716)/573 + s) a prime number?
True
Let m be ((-4887)/(-18))/(4/(-232)). Let k = m + 28112. Is k a prime number?
False
Let w(t) be the first derivative of 445*t**3/3 - 5*t**2/2 + 5*t + 71. Is w(1) a composite number?
True
Let g(i) = 86*i**3 - 3*i**2 - 5*i + 13. Let b(v) = -v - 21. Let s(f) = f + 1. Let y(j) = -b(j) - 2*s(j). Let x be y(17). Is g(x) composite?
True
Suppose 18 = -2*g + 5*j, -12*j = -7*j. Is (2763/g)/(3/(-3)) a prime number?
True
Suppose 5*f + 0*f + 25 = l, 4*l = -2*f - 10. Let s be 0/((-6)/10 + 2/f). Suppose 6*a + s - 2874 = 0. Is a a prime number?
True
Let u(x) = 2*x + 11. Let h = 86 - 76. Suppose g - 2*d - 3*d - 27 = 0, 2*d + h = 0. Is u(g) prime?
False
Let v = 655425 - 5014. Is v a prime number?
False
Suppose 3*l - 86 = -92, 2*l - 812958 = -2*f. Is f a composite number?
False
Suppose -4*c = 14 + 14. Let u be (-6)/(-12) - c/2. Let a = u + 63. Is a a prime number?
True
Let h be (-15)/(-3) + -2 + 3. Suppose y - h = -2*g, -y + 20 - 2 = 5*g. Let b(m) = 578*m**2 + 4*m + 5. Is b(y) a prime number?
True
Suppose -151*d - 225905 = -156*d. Suppose -2*t = 3*n - d, 2*t + 2*n + 13220 = 58396. Is t composite?
True
Suppose 3*m - 1033335 = 3*n, 3*m = 4*n - 16*n + 1033215. Is m prime?
False
Let t be (8/6)/(12/18). Suppose -k = t*s - 6*k - 4773, -4 = -4*k. Let u = s - 1398. Is u a composite number?
False
Suppose -3*o + 29894 = -8575. Suppose 5*w + 2547 = 3*n - 2*n, -o = -5*n + 3*w. Is n prime?
False
Suppose 0 = i - 4. Let z be -39*(-4 + i/(-3)). Suppose -1999 = -9*u - z. Is u prime?
True
Is -2*(-30)/(-40)*(-103746)/9 a prime number?
True
Suppose 5*p - 5*h - 5820 = 3*p, 14583 = 5*p + 4*h. Suppose 0 = 33*l - 38*l + p. Is l composite?
True
Suppose 14*x = 61*x - 437870 - 615071. Is x a composite number?
True
Let y(m) = 82*m**3 + 4*m**2 + 6*m - 18. Let t be y(3). Let x = t + 6051. Is x prime?
False
Is 2/(-3 - 1)*(-56246)/1 a composite number?
False
Let h = 68 + -44. Suppose -30*k = -h*k - 678. Suppose -1529 - k = -2*j. Is j composite?
False
Suppose -11*v + 9*v + 12 = 0. Suppose v*l = -11*l + 170. Suppose 0 = l*f - f - 19377. Is f composite?
False
Let o be 6*(39/585)/(2/25). Let t(i) = 0 - 6*i - i**3 + 15*i - 17 + 6*i**2. Is t(o) prime?
True
Let g be 38 + (-7 - 18/(-6)). Let o = 801 + g. Is o composite?
True
Let t = -2581 + -1379. Let d = -1660 - t. Suppose -2*x = -d - 422. Is x composite?
False
Suppose -9*c + 33 = -21. Let v(g) = g**2 - 8*g + 17. Let j be v(c). Suppose -j*i - 1139 = -6*i. Is i prime?
False
Let s(x) = -x**2 + 40*x + 134. Let w be s(43). Suppose 2*p = -2*p + 8. Suppose w*z - 1463 = -p*z. Is z a prime number?
False
Let p be (-8)/(-2) + 0 - 713. Let u = p + 1455. Suppose 205 - u = -x. Is x composite?
False
Let v be (-71)/((-5 - -7)/(-32)). Let t = v - 595. Is t composite?
False
Let n(k) be the first derivative of -233*k**2/2 + 128*k - 18. Is n(-21) prime?
True
Suppose -2*z = -2*d - 110196, -7*z + 385716 = 41*d - 42*d. Is z prime?
True
Suppose -37*r = -41*r + 28. Suppose 4*x - 6914 = -2*s, 6*x = r*x. Is s a prime number?
True
Let x be ((-6)/4)/(9 + (-150)/16). Suppose -9*g + 15177 = 4*s - 8*g, s - x*g = 3773. Is s prime?
True
Suppose -4*b + 24 = -32. Suppose 3529 = b*l - 6229. Is l a prime number?
False
Let b be (1/(-2))/((-13)/78). Suppose 2*x = b*o - 28, 3*o = -x + 18 + 22. Is 26328/20 - o/(-20) a prime number?
False
Let s = 24 - 19. Suppose 2 = -s*v - 0*v + 3*t, -2*v - 2*t = -12. Suppose 2*u + p - 714 = 5*p, v*p = -3*u + 1079. Is u a composite number?
False
Let d = 2144 - -6824. Suppose -d - 10884 = -4*t. Is t a prime number?
False
Let u(v) = -5849*v - 2491. Is u(-10) a composite number?
True
Suppose 0 = 40*p - 44*p - 224752. Is 32/(-416) + p/(-26) a prime number?
True
Let p be ((-1)/3)/((-5)/(-45)). Let z(m) = 22*m**3 + m**2 - m + 5. Let s be z(p). Let x = s + 960. Is x composite?
False
Let i(s) = 41599*s - 2638. Is i(5) prime?
True
Suppose -21*k = 17323 + 250364. Let j = k - -43256. Is j a prime number?
True
Let r = 57 - 61. Let y(q) = 14*q**2 + 6*q + 8. Let t be y(r). Is (-1 - -2)*(t - -3) prime?
True
Let u(z) = z**3 - 2*z**2 + 8*z + 16. Let q be u(0). Suppose 0 = 4*n + q, n = 5*y - y - 36072. Is y composite?
True
Let